{"id":143,"date":"2020-08-25T21:19:43","date_gmt":"2020-08-25T21:19:43","guid":{"rendered":"http:\/\/laboreanalysis.com\/?page_id=143"},"modified":"2020-08-26T11:29:07","modified_gmt":"2020-08-26T11:29:07","slug":"servicos-2","status":"publish","type":"page","link":"http:\/\/laboreanalysis.com\/?page_id=143","title":{"rendered":"Servi\u00e7os"},"content":{"rendered":"<div id=\"wppb-builder-container\" class=\"wppb-builder-container\">                <div  class=\"wppb-row-parent  wppb-row-1598549701334 \"  >\n\t\t\t\t\t\n\t\t\t\t\t\t\t\t\t\t\n\t\t\t\t\t\t\t\t\t\t\n\t\t\t\t\t<div class=\"wppb-container \">\n\t\t\t\t\t\t\t\t\t\t\t\t\t\n                        <div class=\"wppb-row\">\n\t\t\t\t\t\t\t                                    <div  class=\"wppb-column-parent wppb-column-parent-view wppb-col-1598549701332  \"  >\n                                        <div class=\"wppb-column\">\n\t\t\t\t\t\n\t\t\t\t\t\t\t\t\t\t\t\n                                            <div class=\"wppb-builder-addons\">\n\t\t\t\t\t\t\t\t\t\t\t\t<div class='wppb-builder-addon wppb-addon-1598549917632'  data-addon-id='1598549917632'><div class='wppb-addon'><div class=\"wppb-image-addon\"><figure class=\"wppb-image-addon-content-wrap\"><div class=\"wppb-image-addon-content wppb-imginlineblock\"><img class=\"wppb-image-addon-img\" src=\"http:\/\/laboreanalysis.com\/wp-content\/uploads\/2020\/08\/servicos1.jpg\" alt=\"Image\"><\/div><\/figure><\/div><\/div><\/div>                                            <\/div>\n                                        <\/div>\n                                    <\/div>\n\t\t\t\t\t\t\t\t\t                                    <div  class=\"wppb-column-parent wppb-column-parent-view wppb-col-1598549701333  \"  >\n                                        <div class=\"wppb-column\">\n\t\t\t\t\t\n\t\t\t\t\t\t\t\t\t\t\t\n                                            <div class=\"wppb-builder-addons\">\n\t\t\t\t\t\t\t\t\t\t\t\t<div class='wppb-builder-addon wppb-addon-1598549857127'  data-addon-id='1598549857127'><div class='wppb-addon'><div class=\"wppb-text-block-addon\"><div class=\"wppb-text-block-content 0\"><p><strong>Laborat\u00f3rio F\u00edsico<\/strong><\/p><p>Prepara\u00e7\u00e3o f\u00edsica de Amostras:<\/p><ul><li>Realiza\u00e7\u00e3o de testes de Umidade<\/li><li>Densidade Aparente<\/li><li>Granulometria - An\u00e1lise de tamanho de gr\u00e3o.<\/li><\/ul><p>A granulometria \u00e9 um processo anal\u00edtico preciso que fornece dados cr\u00edticos necess\u00e1rios para tomada de decis\u00f5es de processamento do material analisado.<\/p><p>Na an\u00e1lise de tamanho de gr\u00e3o, a amostra preparada \u00e9 separada em diferentes tamanhos de part\u00edculas atrav\u00e9s da triagem, peneiramento e pesagem das massas das fra\u00e7\u00f5es determinadas.<\/p><ul><li>Pulveriza\u00e7\u00e3o (prepara\u00e7\u00e3o final para an\u00e1lise qu\u00edmica).<\/li><\/ul><\/div><\/div><\/div><\/div>                                            <\/div>\n                                        <\/div>\n                                    <\/div>\n\t\t\t\t\t\t\t\t\t                        <\/div>\n\n                    <\/div>\n                <\/div>\n\t\t\t\t                <div  class=\"wppb-row-parent  wppb-row-1598549701289 \"  >\n\t\t\t\t\t\n\t\t\t\t\t\t\t\t\t\t\n\t\t\t\t\t\t\t\t\t\t\n\t\t\t\t\t<div class=\"wppb-container \">\n\t\t\t\t\t\t\t\t\t\t\t\t\t\n                        <div class=\"wppb-row\">\n\t\t\t\t\t\t\t                                    <div  class=\"wppb-column-parent wppb-column-parent-view wppb-col-1598549701287  \"  >\n                                        <div class=\"wppb-column\">\n\t\t\t\t\t\n\t\t\t\t\t\t\t\t\t\t\t\n                                            <div class=\"wppb-builder-addons\">\n\t\t\t\t\t\t\t\t\t\t\t\t<div class='wppb-builder-addon wppb-addon-1598549761545'  data-addon-id='1598549761545'><div class='wppb-addon'><div class=\"wppb-image-addon\"><figure class=\"wppb-image-addon-content-wrap\"><div class=\"wppb-image-addon-content wppb-imginlineblock\"><img class=\"wppb-image-addon-img\" src=\"http:\/\/laboreanalysis.com\/wp-content\/uploads\/2020\/08\/servicos2.jpg\" alt=\"Image\"><\/div><\/figure><\/div><\/div><\/div>                                            <\/div>\n                                        <\/div>\n                                    <\/div>\n\t\t\t\t\t\t\t\t\t                                    <div  class=\"wppb-column-parent wppb-column-parent-view wppb-col-1598549701288  \"  >\n                                        <div class=\"wppb-column\">\n\t\t\t\t\t\n\t\t\t\t\t\t\t\t\t\t\t\n                                            <div class=\"wppb-builder-addons\">\n\t\t\t\t\t\t\t\t\t\t\t\t<div class='wppb-builder-addon wppb-addon-1598549795526'  data-addon-id='1598549795526'><div class='wppb-addon'><div class=\"wppb-text-block-addon\"><div class=\"wppb-text-block-content 0\"><p><strong>Laborat\u00f3rio Qu\u00edmico<\/strong><\/p><p>An\u00e1lises qu\u00edmicas realizadas atrav\u00e9s de t\u00e9cnicas cl\u00e1ssicas e precisas de via \u00famida, tais como Gravimetria, Titulometria ou Volumetria e Colorimetria, compreendendo os par\u00e2metros de FeT, SiO2, Al2O3, Mn, P e PPC.<\/p><ul><li>An\u00e1lises de min\u00e9rios de ferro, mangan\u00eas e solo.\u00a0\u00a0<\/li><li>Emiss\u00e3o de Certificados de An\u00e1lise;\u00a0<\/li><\/ul><p>Testes realizados com o acompanhamento de Padr\u00f5es de Min\u00e9rios Certificados.<\/p><p>\u00a0<\/p><\/div><\/div><\/div><\/div>                                            <\/div>\n                                        <\/div>\n                                    <\/div>\n\t\t\t\t\t\t\t\t\t                        <\/div>\n\n                    <\/div>\n                <\/div>\n\t\t\t\t<\/div>","protected":false},"excerpt":{"rendered":"<p>Laborat\u00f3rio F\u00edsicoPrepara\u00e7\u00e3o f\u00edsica de Amostras:Realiza\u00e7\u00e3o de testes de UmidadeDensidade AparenteGranulometria &#8211; An\u00e1lise de tamanho de gr\u00e3o.A granulometria \u00e9 um processo anal\u00edtico preciso que fornece dados cr\u00edticos necess\u00e1rios para tomada de decis\u00f5es de processamento do material analisado.Na an\u00e1lise de tamanho de &hellip; <a href=\"http:\/\/laboreanalysis.com\/?page_id=143\">Conte\u00fado<\/a><\/p>\n","protected":false},"author":1,"featured_media":0,"parent":0,"menu_order":0,"comment_status":"closed","ping_status":"closed","template":"","meta":[],"_links":{"self":[{"href":"http:\/\/laboreanalysis.com\/index.php?rest_route=\/wp\/v2\/pages\/143"}],"collection":[{"href":"http:\/\/laboreanalysis.com\/index.php?rest_route=\/wp\/v2\/pages"}],"about":[{"href":"http:\/\/laboreanalysis.com\/index.php?rest_route=\/wp\/v2\/types\/page"}],"author":[{"embeddable":true,"href":"http:\/\/laboreanalysis.com\/index.php?rest_route=\/wp\/v2\/users\/1"}],"replies":[{"embeddable":true,"href":"http:\/\/laboreanalysis.com\/index.php?rest_route=%2Fwp%2Fv2%2Fcomments&post=143"}],"version-history":[{"count":3,"href":"http:\/\/laboreanalysis.com\/index.php?rest_route=\/wp\/v2\/pages\/143\/revisions"}],"predecessor-version":[{"id":154,"href":"http:\/\/laboreanalysis.com\/index.php?rest_route=\/wp\/v2\/pages\/143\/revisions\/154"}],"wp:attachment":[{"href":"http:\/\/laboreanalysis.com\/index.php?rest_route=%2Fwp%2Fv2%2Fmedia&parent=143"}],"curies":[{"name":"wp","href":"https:\/\/api.w.org\/{rel}","templated":true}]}}